{"id":55,"date":"2011-06-16T16:31:46","date_gmt":"2011-06-16T14:31:46","guid":{"rendered":"https:\/\/pol-in.eu\/?page_id=55"},"modified":"2025-07-08T20:00:51","modified_gmt":"2025-07-08T18:00:51","slug":"projekty-2011","status":"publish","type":"projects","link":"https:\/\/pol-in.eu\/pl\/projekty\/projekty-2011\/","title":{"rendered":"Projekty 2011"},"content":{"rendered":"\n<h2 class=\"wp-block-heading\">Polka &#8211; Przedsi\u0119biorczyni &#8211; Europejka<\/h2>\n\n\n\n<p>27 wrze\u015bnia odby\u0142a si\u0119 w berli\u0144skim Domu Europejskim konferencja pt. &#8222;Polka &#8211; Przedsi\u0119biorczyni &#8211; Europejka&#8221;.<\/p>\n\n\n\n<p>Informacje o konferencji znajd\u0105 Pa\u0144stwo <a href=\"https:\/\/pol-in.eu\/files\/fM_k0001\/dokumente\/newsletter27-09-11.pdf\" target=\"_blank\" rel=\"noopener\">tutaj (pdf)<\/a>.<\/p>\n\n\n\n<p>O konferencji pisz\u0105 Deutsche Welle (www.dw-world.de) i &#8222;Polacy w Berlinie&#8221; (www.cudzyslow.polacywberlinie.de).<\/p>\n\n\n\n<h2 class=\"wp-block-heading\">Bene Meritus de Polonia 2011<\/h2>\n\n\n\n<p>10 pa\u017adziernika 2011 r. stowarzyszenie Polki w Gospodarce i Kulturze T.z. wyr\u00f3\u017cni\u0142o pani\u0105 Mart\u0119 Coft\u0119, w\u0142a\u015bcicielk\u0119 galerii Beletage w Berlinie, medalem Bene Meritus de Polonia 2011. Pani Marta Cofta zosta\u0142a jako pierwsza uhonorowana tym odznaczeniem. Jest ono przyznawane osobisto\u015bciom szczeg\u00f3lnie anga\u017cuj\u0105cym si\u0119 spo\u0142ecznie na rzecz propagowania polskiej kultury i tradycji za granic\u0105.<\/p>\n\n\n\n<p>Stowarzyszenie doceni\u0142o zas\u0142ugi pani Marty Cofty, kt\u00f3ra w galerii Beletage stworzy\u0142a polskim artystom mo\u017cliwo\u015b\u0107 zaprezentowania swoich dzie\u0142 w stolicy Niemiec. Galeria zdoby\u0142a sobie miano ch\u0119tnie odwiedzanego miejsca spotka\u0144 zar\u00f3wno Polak\u00f3w mieszkaj\u0105cych w Berlinie jak i innych Berli\u0144czyk\u00f3w zainteresowanych Polsk\u0105 i polsk\u0105 kultur\u0105. Wymiana pogl\u0105d\u00f3w i spotkania mi\u0119dzy lud\u017ami przyczyniaj\u0105 si\u0119 do lepszego poznawania i zrozumienia siebie nawzajem przez Niemc\u00f3w i Polak\u00f3w.<\/p>\n\n\n\n<p>Pani Marta Cofta otrzyma\u0142a wyr\u00f3\u017cnienie z r\u0105k przewodnicz\u0105cej stowarzyszenia Polki w Gospodarce i Kulturze T.z., pani Aliny Winiarski, podczas wernisa\u017cu polsko-niemieckiej wystawy Anny Molgi i Gaby H\u00f6hne w galerii Beletage.<\/p>\n\n","protected":false},"featured_media":0,"template":"","class_list":["post-55","projects","type-projects","status-publish","hentry"],"blocksy_meta":[],"yoast_head":"<!-- This site is optimized with the Yoast SEO plugin v26.7 - https:\/\/yoast.com\/wordpress\/plugins\/seo\/ -->\n<title>Projekty 2011 - Pol-in.eu<\/title>\n<meta name=\"robots\" content=\"index, follow, max-snippet:-1, max-image-preview:large, max-video-preview:-1\" \/>\n<link rel=\"canonical\" href=\"https:\/\/pol-in.eu\/projekty\/projekte-2011\/\" \/>\n<meta property=\"og:locale\" content=\"pl_PL\" \/>\n<meta property=\"og:type\" content=\"article\" \/>\n<meta property=\"og:title\" content=\"Projekty 2011 - Pol-in.eu\" \/>\n<meta property=\"og:description\" content=\"Polka &#8211; Przedsi\u0119biorczyni &#8211; Europejka 27 wrze\u015bnia odby\u0142a si\u0119 w berli\u0144skim Domu Europejskim konferencja pt. &#8222;Polka &#8211; Przedsi\u0119biorczyni &#8211; Europejka&#8221;. Informacje o konferencji znajd\u0105 Pa\u0144stwo tutaj (pdf). O konferencji pisz\u0105 Deutsche Welle (www.dw-world.de) i &#8222;Polacy w Berlinie&#8221; (www.cudzyslow.polacywberlinie.de). Bene Meritus de Polonia 2011 10 pa\u017adziernika 2011 r. stowarzyszenie Polki w Gospodarce i Kulturze T.z. wyr\u00f3\u017cni\u0142o [&hellip;]\" \/>\n<meta property=\"og:url\" content=\"https:\/\/pol-in.eu\/projekty\/projekte-2011\/\" \/>\n<meta property=\"og:site_name\" content=\"Pol-in.eu\" \/>\n<meta property=\"article:modified_time\" content=\"2025-07-08T18:00:51+00:00\" \/>\n<meta name=\"twitter:card\" content=\"summary_large_image\" \/>\n<script type=\"application\/ld+json\" class=\"yoast-schema-graph\">{\"@context\":\"https:\/\/schema.org\",\"@graph\":[{\"@type\":\"WebPage\",\"@id\":\"https:\/\/pol-in.eu\/projekty\/projekte-2011\/\",\"url\":\"https:\/\/pol-in.eu\/projekty\/projekte-2011\/\",\"name\":\"Projekty 2011 - Pol-in.eu\",\"isPartOf\":{\"@id\":\"https:\/\/pol-in.eu\/#website\"},\"datePublished\":\"2011-06-16T14:31:46+00:00\",\"dateModified\":\"2025-07-08T18:00:51+00:00\",\"breadcrumb\":{\"@id\":\"https:\/\/pol-in.eu\/projekty\/projekte-2011\/#breadcrumb\"},\"inLanguage\":\"pl-PL\",\"potentialAction\":[{\"@type\":\"ReadAction\",\"target\":[\"https:\/\/pol-in.eu\/projekty\/projekte-2011\/\"]}]},{\"@type\":\"BreadcrumbList\",\"@id\":\"https:\/\/pol-in.eu\/projekty\/projekte-2011\/#breadcrumb\",\"itemListElement\":[{\"@type\":\"ListItem\",\"position\":1,\"name\":\"Strona g\u0142\u00f3wna\",\"item\":\"https:\/\/pol-in.eu\/pl\/\"},{\"@type\":\"ListItem\",\"position\":2,\"name\":\"Projekty 2024\",\"item\":\"https:\/\/pol-in.eu\/pl\/projekty\/projekty-2024\/\"},{\"@type\":\"ListItem\",\"position\":3,\"name\":\"Projekty 2011\"}]},{\"@type\":\"WebSite\",\"@id\":\"https:\/\/pol-in.eu\/#website\",\"url\":\"https:\/\/pol-in.eu\/\",\"name\":\"Pol-in.eu\",\"description\":\"Polki w Gospodarce i Kulturze\",\"publisher\":{\"@id\":\"https:\/\/pol-in.eu\/#organization\"},\"potentialAction\":[{\"@type\":\"SearchAction\",\"target\":{\"@type\":\"EntryPoint\",\"urlTemplate\":\"https:\/\/pol-in.eu\/?s={search_term_string}\"},\"query-input\":{\"@type\":\"PropertyValueSpecification\",\"valueRequired\":true,\"valueName\":\"search_term_string\"}}],\"inLanguage\":\"pl-PL\"},{\"@type\":\"Organization\",\"@id\":\"https:\/\/pol-in.eu\/#organization\",\"name\":\"Pol-in.eu\",\"url\":\"https:\/\/pol-in.eu\/\",\"logo\":{\"@type\":\"ImageObject\",\"inLanguage\":\"pl-PL\",\"@id\":\"https:\/\/pol-in.eu\/#\/schema\/logo\/image\/\",\"url\":\"https:\/\/pol-in.eu\/wp-content\/uploads\/2017\/06\/logopolin.jpg\",\"contentUrl\":\"https:\/\/pol-in.eu\/wp-content\/uploads\/2017\/06\/logopolin.jpg\",\"width\":454,\"height\":119,\"caption\":\"Pol-in.eu \"},\"image\":{\"@id\":\"https:\/\/pol-in.eu\/#\/schema\/logo\/image\/\"}}]}<\/script>\n<!-- \/ Yoast SEO plugin. -->","yoast_head_json":{"title":"Projekty 2011 - Pol-in.eu","robots":{"index":"index","follow":"follow","max-snippet":"max-snippet:-1","max-image-preview":"max-image-preview:large","max-video-preview":"max-video-preview:-1"},"canonical":"https:\/\/pol-in.eu\/projekty\/projekte-2011\/","og_locale":"pl_PL","og_type":"article","og_title":"Projekty 2011 - Pol-in.eu","og_description":"Polka &#8211; Przedsi\u0119biorczyni &#8211; Europejka 27 wrze\u015bnia odby\u0142a si\u0119 w berli\u0144skim Domu Europejskim konferencja pt. &#8222;Polka &#8211; Przedsi\u0119biorczyni &#8211; Europejka&#8221;. Informacje o konferencji znajd\u0105 Pa\u0144stwo tutaj (pdf). O konferencji pisz\u0105 Deutsche Welle (www.dw-world.de) i &#8222;Polacy w Berlinie&#8221; (www.cudzyslow.polacywberlinie.de). Bene Meritus de Polonia 2011 10 pa\u017adziernika 2011 r. stowarzyszenie Polki w Gospodarce i Kulturze T.z. wyr\u00f3\u017cni\u0142o [&hellip;]","og_url":"https:\/\/pol-in.eu\/projekty\/projekte-2011\/","og_site_name":"Pol-in.eu","article_modified_time":"2025-07-08T18:00:51+00:00","twitter_card":"summary_large_image","schema":{"@context":"https:\/\/schema.org","@graph":[{"@type":"WebPage","@id":"https:\/\/pol-in.eu\/projekty\/projekte-2011\/","url":"https:\/\/pol-in.eu\/projekty\/projekte-2011\/","name":"Projekty 2011 - Pol-in.eu","isPartOf":{"@id":"https:\/\/pol-in.eu\/#website"},"datePublished":"2011-06-16T14:31:46+00:00","dateModified":"2025-07-08T18:00:51+00:00","breadcrumb":{"@id":"https:\/\/pol-in.eu\/projekty\/projekte-2011\/#breadcrumb"},"inLanguage":"pl-PL","potentialAction":[{"@type":"ReadAction","target":["https:\/\/pol-in.eu\/projekty\/projekte-2011\/"]}]},{"@type":"BreadcrumbList","@id":"https:\/\/pol-in.eu\/projekty\/projekte-2011\/#breadcrumb","itemListElement":[{"@type":"ListItem","position":1,"name":"Strona g\u0142\u00f3wna","item":"https:\/\/pol-in.eu\/pl\/"},{"@type":"ListItem","position":2,"name":"Projekty 2024","item":"https:\/\/pol-in.eu\/pl\/projekty\/projekty-2024\/"},{"@type":"ListItem","position":3,"name":"Projekty 2011"}]},{"@type":"WebSite","@id":"https:\/\/pol-in.eu\/#website","url":"https:\/\/pol-in.eu\/","name":"Pol-in.eu","description":"Polki w Gospodarce i Kulturze","publisher":{"@id":"https:\/\/pol-in.eu\/#organization"},"potentialAction":[{"@type":"SearchAction","target":{"@type":"EntryPoint","urlTemplate":"https:\/\/pol-in.eu\/?s={search_term_string}"},"query-input":{"@type":"PropertyValueSpecification","valueRequired":true,"valueName":"search_term_string"}}],"inLanguage":"pl-PL"},{"@type":"Organization","@id":"https:\/\/pol-in.eu\/#organization","name":"Pol-in.eu","url":"https:\/\/pol-in.eu\/","logo":{"@type":"ImageObject","inLanguage":"pl-PL","@id":"https:\/\/pol-in.eu\/#\/schema\/logo\/image\/","url":"https:\/\/pol-in.eu\/wp-content\/uploads\/2017\/06\/logopolin.jpg","contentUrl":"https:\/\/pol-in.eu\/wp-content\/uploads\/2017\/06\/logopolin.jpg","width":454,"height":119,"caption":"Pol-in.eu "},"image":{"@id":"https:\/\/pol-in.eu\/#\/schema\/logo\/image\/"}}]}},"_links":{"self":[{"href":"https:\/\/pol-in.eu\/pl\/wp-json\/wp\/v2\/projects\/55","targetHints":{"allow":["GET"]}}],"collection":[{"href":"https:\/\/pol-in.eu\/pl\/wp-json\/wp\/v2\/projects"}],"about":[{"href":"https:\/\/pol-in.eu\/pl\/wp-json\/wp\/v2\/types\/projects"}],"wp:attachment":[{"href":"https:\/\/pol-in.eu\/pl\/wp-json\/wp\/v2\/media?parent=55"}],"curies":[{"name":"wp","href":"https:\/\/api.w.org\/{rel}","templated":true}]}}

<h2 class="wp-block-heading">Polka &#8211; Przedsiębiorczyni &#8211; Europejka</h2>



<p>27 września odbyła się w berlińskim Domu Europejskim konferencja pt. &#8222;Polka &#8211; Przedsiębiorczyni &#8211; Europejka&#8221;.</p>



<p>Informacje o konferencji znajdą Państwo <a href="https://pol-in.eu/files/fM_k0001/dokumente/newsletter27-09-11.pdf" target="_blank" rel="noopener">tutaj (pdf)</a>.</p>



<p>O konferencji piszą Deutsche Welle (www.dw-world.de) i &#8222;Polacy w Berlinie&#8221; (www.cudzyslow.polacywberlinie.de).</p>



<h2 class="wp-block-heading">Bene Meritus de Polonia 2011</h2>



<p>10 października 2011 r. stowarzyszenie Polki w Gospodarce i Kulturze T.z. wyróżniło panią Martę Coftę, właścicielkę galerii Beletage w Berlinie, medalem Bene Meritus de Polonia 2011. Pani Marta Cofta została jako pierwsza uhonorowana tym odznaczeniem. Jest ono przyznawane osobistościom szczególnie angażującym się społecznie na rzecz propagowania polskiej kultury i tradycji za granicą.</p>



<p>Stowarzyszenie doceniło zasługi pani Marty Cofty, która w galerii Beletage stworzyła polskim artystom możliwość zaprezentowania swoich dzieł w stolicy Niemiec. Galeria zdobyła sobie miano chętnie odwiedzanego miejsca spotkań zarówno Polaków mieszkających w Berlinie jak i innych Berlińczyków zainteresowanych Polską i polską kulturą. Wymiana poglądów i spotkania między ludźmi przyczyniają się do lepszego poznawania i zrozumienia siebie nawzajem przez Niemców i Polaków.</p>



<p>Pani Marta Cofta otrzymała wyróżnienie z rąk przewodniczącej stowarzyszenia Polki w Gospodarce i Kulturze T.z., pani Aliny Winiarski, podczas wernisażu polsko-niemieckiej wystawy Anny Molgi i Gaby Höhne w galerii Beletage.</p>

<!-- This site is optimized with the Yoast SEO plugin v26.7 - https://yoast.com/wordpress/plugins/seo/ -->
<title>Projekty 2011 - Pol-in.eu</title>
<meta name="robots" content="index, follow, max-snippet:-1, max-image-preview:large, max-video-preview:-1" />
<link rel="canonical" href="https://pol-in.eu/projekty/projekte-2011/" />
<meta property="og:locale" content="pl_PL" />
<meta property="og:type" content="article" />
<meta property="og:title" content="Projekty 2011 - Pol-in.eu" />
<meta property="og:description" content="Polka &#8211; Przedsiębiorczyni &#8211; Europejka 27 września odbyła się w berlińskim Domu Europejskim konferencja pt. &#8222;Polka &#8211; Przedsiębiorczyni &#8211; Europejka&#8221;. Informacje o konferencji znajdą Państwo tutaj (pdf). O konferencji piszą Deutsche Welle (www.dw-world.de) i &#8222;Polacy w Berlinie&#8221; (www.cudzyslow.polacywberlinie.de). Bene Meritus de Polonia 2011 10 października 2011 r. stowarzyszenie Polki w Gospodarce i Kulturze T.z. wyróżniło [&hellip;]" />
<meta property="og:url" content="https://pol-in.eu/projekty/projekte-2011/" />
<meta property="og:site_name" content="Pol-in.eu" />
<meta property="article:modified_time" content="2025-07-08T18:00:51+00:00" />
<meta name="twitter:card" content="summary_large_image" />
<script type="application/ld+json" class="yoast-schema-graph">{"@context":"https://schema.org","@graph":[{"@type":"WebPage","@id":"https://pol-in.eu/projekty/projekte-2011/","url":"https://pol-in.eu/projekty/projekte-2011/","name":"Projekty 2011 - Pol-in.eu","isPartOf":{"@id":"https://pol-in.eu/#website"},"datePublished":"2011-06-16T14:31:46+00:00","dateModified":"2025-07-08T18:00:51+00:00","breadcrumb":{"@id":"https://pol-in.eu/projekty/projekte-2011/#breadcrumb"},"inLanguage":"pl-PL","potentialAction":[{"@type":"ReadAction","target":["https://pol-in.eu/projekty/projekte-2011/"]}]},{"@type":"BreadcrumbList","@id":"https://pol-in.eu/projekty/projekte-2011/#breadcrumb","itemListElement":[{"@type":"ListItem","position":1,"name":"Strona główna","item":"https://pol-in.eu/pl/"},{"@type":"ListItem","position":2,"name":"Projekty 2024","item":"https://pol-in.eu/pl/projekty/projekty-2024/"},{"@type":"ListItem","position":3,"name":"Projekty 2011"}]},{"@type":"WebSite","@id":"https://pol-in.eu/#website","url":"https://pol-in.eu/","name":"Pol-in.eu","description":"Polki w Gospodarce i Kulturze","publisher":{"@id":"https://pol-in.eu/#organization"},"potentialAction":[{"@type":"SearchAction","target":{"@type":"EntryPoint","urlTemplate":"https://pol-in.eu/?s={search_term_string}"},"query-input":{"@type":"PropertyValueSpecification","valueRequired":true,"valueName":"search_term_string"}}],"inLanguage":"pl-PL"},{"@type":"Organization","@id":"https://pol-in.eu/#organization","name":"Pol-in.eu","url":"https://pol-in.eu/","logo":{"@type":"ImageObject","inLanguage":"pl-PL","@id":"https://pol-in.eu/#/schema/logo/image/","url":"https://pol-in.eu/wp-content/uploads/2017/06/logopolin.jpg","contentUrl":"https://pol-in.eu/wp-content/uploads/2017/06/logopolin.jpg","width":454,"height":119,"caption":"Pol-in.eu "},"image":{"@id":"https://pol-in.eu/#/schema/logo/image/"}}]}</script>
<!-- / Yoast SEO plugin. -->

Polka &#8211; Przedsiębiorczyni &#8211; Europejka 27 września odbyła się w berlińskim Domu Europejskim konferencja pt. &#8222;Polka &#8211; Przedsiębiorczyni &#8211; Europejka&#8221;. Informacje o konferencji znajdą Państwo tutaj (pdf). O konferencji piszą Deutsche Welle (www.dw-world.de) i &#8222;Polacy w Berlinie&#8221; (www.cudzyslow.polacywberlinie.de). Bene Meritus de Polonia 2011 10 października 2011 r. stowarzyszenie Polki w Gospodarce i Kulturze T.z. wyróżniło [&hellip;]

Strona główna
